(-1). What are the prime factors of (2/11 + (-10184)/d)*3?
2, 29
What are the prime factors of (-8805)/(-3)*(-12)/(-30)?
2, 587
Suppose -3*u = -7*u. Suppose 3*o + 189 = -u*o. Let a = o - -92. List the prime factors of a.
29
Suppose -m - m = 0. Let k be ((-4)/3)/(-1)*210/10. Suppose -4*p = 4*g - m*p - 112, -3*p = g - k. List the prime factors of g.
2, 7
Let p(j) = 20*j + 0 - 24 - 8. List the prime factors of p(13).
2, 3, 19
Let a be 17*2 + 1 + 0. Let c = a - 23. What are the prime factors of c?
2, 3
Suppose 0 = 2*k - 2*q + q - 3, -q - 3 = k. Suppose 0 = -k*i - 5*i. Suppose -4*w = 2*s - 56, -s + 2*s - 4*w - 28 = i. List the prime factors of s.
2, 7
Let j = -51 + 89. Suppose 0 = -5*w + j + 27. List the prime factors of w.
13
Let i(f) be the second derivative of f**5/20 - 3*f**4/4 - 11*f**3/6 + 4*f**2 + 4*f. Let a be i(10). List the prime factors of 3 - (-29 + (-4)/a).
2, 3, 5
Let r(t) be the second derivative of -t**5/20 - 5*t**4/12 - 2*t**3/3 + 3*t**2/2 - t. Let n(b) = -b - 1. Let f be n(4). What are the prime factors of r(f)?
23
Suppose -7*g = -11*g + j + 7769, 5*g + 2*j - 9721 = 0. What are the prime factors of g?
29, 67
Let t(h) be the third derivative of 0 - 8*h**2 + 1/24*h**4 + 31/6*h**3 + 0*h. List the prime factors of t(0).
31
Let n = -2205 + 4188. List the prime factors of n.
3, 661
Let a(w) = 2*w**3 + 3*w**2 + 3*w - 1. Let h be a(-3). Let y = 272 + h. Suppose 91 - y = -4*s. What are the prime factors of s?
2, 3
Suppose 59*s - 82*s + 23575 = 0. What are the prime factors of s?
5, 41
Let c(q) = -3*q + 2. Let h be c(-2). Suppose -2*x + h = -52. What are the prime factors of x?
2, 3, 5
Suppose 5*x = 2*t - 58, 3*x - 77 = -3*t - 11. Suppose -69 = -5*r - t. What are the prime factors of r?
3
Let h(q) = q**3 + 8*q**2 + 9*q + 12. Let s be h(-5). List the prime factors of (s/18)/(68/66 - 1).
7, 11
Let z(j) = -j**2 + 5*j. Suppose -y + 3*p = -20, -5*y + 6 + 4 = 3*p. Let u be z(y). Suppose -2*f + f + 2 = u. List the prime factors of f.
2
Let f(k) = -66*k + 12. Let u be f(-6). Suppose 0 = 13*v - 5*v - u. Suppose -v = -3*n + 9. List the prime factors of n.
2, 5
Let q(f) = 126*f**3 - 2*f**2 - 3. What are the prime factors of q(2)?
997
Suppose 0 = 5*u - 0*m + m + 565, 0 = 2*m. Let s = u + 165. What are the prime factors of s?
2, 13
Suppose 1 + 2 = 3*x. Suppose -3*m = 2*h - 4, -4*h - x + 9 = 4*m. Suppose -4*w = -m*w - 100. List the prime factors of w.
5
Suppose 0 = -y + 23 + 3. Let m = y - 1. What are the prime factors of m?
5
Let w(u) = 8*u**2 - 21*u + 67. What are the prime factors of w(16)?
3, 593
Let x = 2044 + -772. List the prime factors of x.
2, 3, 53
Let d(x) = 4*x**2 + 18*x + 13. Let t be d(-12). List the prime factors of 4/10 - t/(-5).
3, 5
Let y(c) = 15*c**2 + c. Suppose 4*g + 8 = 16. List the prime factors of y(g).
2, 31
Suppose 8 - 40 = -2*m. Let g be m/(-2)*(-1)/(-2). What are the prime factors of (-142)/g - (-2)/4?
2, 3
Let q = 9 + -9. Suppose 8*z - 258 - 478 = q. What are the prime factors of z?
2, 23
Suppose 3*f + 12 = f. Let r be (-8)/f + (-65)/15. Let g(c) = 5*c**2 - c - 4. List the prime factors of g(r).
2, 11
Suppose o - 1010 = -i, -31 = -5*i - 6. List the prime factors of o.
3, 5, 67
Suppose 4*g + 160 = 20*g. Let r(i) = 1 + 11*i + 2 - i**2 + 4. List the prime factors of r(g).
17
Suppose 5*a - 5*v = 50, v - 2*v + 50 = 5*a. Let j(i) = -5*i + a*i**2 - 2*i**2 + 10 - i**3 - 8. List the prime factors of j(4).
2, 23
Let u = 167 - -627. List the prime factors of u.
2, 397
Let j(q) = q - 4*q - 48*q**3 + 2*q - q**2 - 1. Let n = -69 + 68. List the prime factors of j(n).
47
Suppose 7*o - 15 = 4*o. Suppose -o*a = a - 360. List the prime factors of a.
2, 3, 5
Let s be (-2)/(-4)*-2 - 140. Let r be (-1)/4 - s/4. Suppose 2*j = r - 3. What are the prime factors of j?
2
Suppose -12 = -3*z, j = -4*j - 5*z + 40. Suppose j*n + h = 1400 - 578, -3*n + 2*h + 622 = 0. What are the prime factors of n?
2, 103
Let x(r) = -r**2 + 6*r - 1. Let j be x(5). Suppose j*y + 6*i - i - 852 = 0, 0 = -4*i - 16. What are the prime factors of y?
2, 109
Let q be -4 - (1 + -1) - (152 + -152). Let b(v) be the second derivative of v**5/20 + 5*v**4/12 - 2*v**3/3 - 3*v**2 + 2*v. List the prime factors of b(q).
2, 13
What are the prime factors of 2525*((0 - -6) + -5) - 4?
2521
Let q(i) = -i**3 - i**2 - i + 5. Let f(j) = j**2 - 7*j + 6. Let y be f(6). Let m be q(y). Let t(a) = 2*a - 2. List the prime factors of t(m).
2
Suppose -4*m + 5*w = -13, 4*w + 43 - 11 = -4*m. List the prime factors of -27*-2*m/(-18).
3
Let o(x) = -x**2 + 14*x - 4. Let l = 6 + -2. Suppose l*p = 5*n + 38, -2*p + 8 + 12 = -2*n. What are the prime factors of o(p)?
2, 5
Let s be 5 - -4*3/(-4). Suppose 5*b = -s*g + 75, 4*g + b = -3*b + 168. List the prime factors of g.
3, 5
Let u be 2/(-6)*(-6 - 0). Suppose -d - 2*d + u*m = -152, d = -4*m + 46. List the prime factors of d.
2, 5
Let z = -1710 - -4099. List the prime factors of z.
2389
Suppose -34 = -10*x + 12*x. Let w = 20 - x. List the prime factors of w.
37
Let j(n) = 208*n**2 - n + 6. Let z be j(2). Suppose -5*o = -89 - z. What are the prime factors of o?
5, 37
Let h be 0*(4/8 - 1). Let i(c) = c**2 - c + 29. Let k be i(h). List the prime factors of k + 1 - (2 - 2).
2, 3, 5
Suppose 2*d = 3*d - 3*p - 743, -5*p = -15. What are the prime factors of d?
2, 47
List the prime factors of (-2)/(-21) - 567739/(-399).
1423
Let p(x) = x**3 + 9*x**2 + 3*x - 12. Let q be p(-9). Let g = q + 69. What are the prime factors of 6/g - 394/(-5)?
79
Suppose 0 = -4*j + 15 + 89. Let d = j + 63. What are the prime factors of d?
89
Suppose -8 = -8*l + 24. Suppose -l*x + 293 = -4*w - 51, w - 406 = -5*x. List the prime factors of x.
2, 41
Suppose -24687 = 311*n - 324*n. What are the prime factors of n?
3, 211
Suppose -5*b + 0*b + 615 = 0. Suppose -a + b = 30. Let y = a + -55. What are the prime factors of y?
2, 19
Suppose 8*d - 656 = 1272. List the prime factors of d.
241
List the prime factors of 1376 + (-8)/(1 - 0).
2, 3, 19
Let n(k) = 2181*k**2 - 7*k + 6. What are the prime factors of n(1)?
2, 5, 109
Suppose -387*b = -431*b + 43384. List the prime factors of b.
2, 17, 29
Let d(u) = -u**3 - 6*u**2 - 2*u - 8. Let l be d(-6). Suppose l*r = -3*z + 571, -r + z + 145 + 3 = 0. What are the prime factors of r?
5, 29
Let z = 3621 - 1400. List the prime factors of z.
2221
Let v(f) = -45*f + 38. Let s be v(-10). Suppose 4*c = -5*j + s, -j + c = -3*j + 197. List the prime factors of j.
2, 5
Suppose 2*g = 4*g - 440. Let i(q) = 12*q - 2. Let x be i(3). Suppose -x = 6*m - g. List the prime factors of m.
31
Let x = 73 - 72. Let n(h) = 78*h**2 - 1. List the prime factors of n(x).
7, 11
Let b = -779 + 1322. List the prime factors of b.
3, 181
Suppose 0 = 2*m - 4*m + 50. Let x be ((-12)/(-10))/3*m. Suppose 0 = x*w - 15*w + 60. List the prime factors of w.
2, 3
Let v(p) = 12*p**3 + 5*p - 5. Suppose 5*x + 9 = -3*w, 2*x - x = -4*w + 5. What are the prime factors of v(w)?
101
Let c be ((-6)/(-4))/(((-12)/(-6))/4). What are the prime factors of (-272)/12*c/(-2)?
2, 17
Let d = 62 - 74. What are the prime factors of (-975)/d + -3 + (-3)/(-4)?
79
Suppose 9*z - 3719 = -362. What are the prime factors of z?
373
Suppose -24 = -7*x + 32. Suppose 3*f - 600 = -f. Suppose 4*g + 3*k + x = f, 5*k = -10. List the prime factors of g.
37
Let r(f) = -4*f - 4*f**2 + 9*f + 5*f**2 + 2. Let t be r(-5). What are the prime factors of (5/t)/(1/24)?
2, 3, 5
Let x(v) = 2*v - 3. Let m be x(2). Let j(z) = 1 + m + 3*z**3 - 2*z**3 + z - 14 - 14*z**2. List the prime factors of j(14).
2
Suppose 2*g = h + 33, 0 = -5*g + 3*h + h + 90. Let u be (g/(-8))/((-3)/132). Suppose -u = -2*w + 25. List the prime factors of w.
3, 17
List the prime factors of 2/(-5) + 36/15 + 181.
3, 61
Suppose 4*q - 3*q - 37 = 5*a, 4*a - 10 = -q. Let b be 4/((0 - -1)/q). Suppose 2*w + 4*s = b, 39 = 2*w + 3*s - 51. What are the prime factors of w?
2, 3
Suppose 3*m + 5*b = 328, -2*m = -4*m - b + 228. What are the prime factors of m?
2, 29
Let w = -12 + 24. Suppose -w - 6 = -3*x. What are the prime factors of (-32)/(7/((-21)/x))?
2
Let g = 465 + -303. List the prime factors of g.
2, 3
Let o be 4/10 - 46/(-10). Let v be (-4)/10 - (-102)/30. Let g = v + o. What are the prime factors of g?
2
Let p(b) = -4*b + 20. Let l be p(6). Let n(q) = 9*q**2 + 16*q + 5. What are the pr